 57*p + 22. What is o(28)?
-6
Let m(v) = -2*v**3 - 14*v**2 - 3*v - 12. Give m(-7).
9
Let t(b) = b + 8. Calculate t(-6).
2
Let t(w) = w**2 + 11*w + 5. Calculate t(-10).
-5
Let r(o) = 32*o + 1. Calculate r(1).
33
Let a(l) = -l**3 + 6*l**2 + 17*l - 15. Calculate a(8).
-7
Let g(x) = -x**3 - 8*x**2 - x + 11. Calculate g(-7).
-31
Let m(x) = -x**2 - 20*x + 13. What is m(-14)?
97
Let j(o) = 33*o**3 + o**2 + o - 1. What is j(1)?
34
Let m(l) = -3*l**2 - 10*l - 27. Calculate m(-4).
-35
Let j(p) = -295*p + 1772. Calculate j(6).
2
Let h(v) = -19*v - 6. What is h(2)?
-44
Let y(z) = 6*z + 56. Calculate y(-10).
-4
Let y(i) = 2*i**3 - 5*i**2 + 2*i + 5. Give y(3).
20
Let k(x) = x**2 + 22*x + 7. Determine k(-24).
55
Let g(q) = 4*q**2 - 7*q + 6. Calculate g(2).
8
Let y(c) = -c**3 + c**2 + 2*c - 1. Give y(2).
-1
Let d(o) = -o**2 + 5*o + 3. Calculate d(6).
-3
Let c(p) = -16*p**2 + 5*p + 4. Calculate c(-1).
-17
Let u(j) = 35*j - 96. Calculate u(3).
9
Let l(a) = a**3 + 6*a**2 + 2*a + 8. What is l(-7)?
-55
Let a(q) = 8*q + 201. Determine a(-26).
-7
Let s(b) = b**3 + 12*b**2 + b + 12. Give s(-12).
0
Let u(m) = m**3 + 6*m**2 + m + 8. Determine u(-6).
2
Let u(t) = t**2 - 36*t + 251. Calculate u(8).
27
Let m(b) = b**3 + 23*b**2 + 14. Calculate m(-23).
14
Let l(h) = -8*h - 96. What is l(-12)?
0
Let h(k) = -k**2 - 7*k + 8. Determine h(-7).
8
Let l(k) = 3*k + 9. Give l(7).
30
Let h(b) = 5*b - 65. Give h(14).
5
Let c(t) = -t**3 + 14*t**2 - 14*t + 7. What is c(13)?
-6
Let i(v) = -4*v**2 + 6*v - 11. Calculate i(5).
-81
Let u(x) = -x**3 + 16*x**2 - x + 27. What is u(16)?
11
Let b(d) = 32*d + 1047. What is b(-32)?
23
Let u(b) = -b**3 - b**2 + 15*b - 14. Determine u(0).
-14
Let k(l) = -l**3 - 6*l**2 - 6*l + 6. What is k(-6)?
42
Let g(o) = o**2 + o - 6. What is g(0)?
-6
Let m(q) = -3*q**2 - 4*q - 3. Determine m(-3).
-18
Let r(h) = -h**3 + h**2 + 10*h + 8. Calculate r(6).
-112
Let p(a) = a**3 + 15*a**2 - 51*a + 74. Calculate p(-18).
20
Let d(g) = 6*g**2 - 88*g + 125. Determine d(13).
-5
Let s(d) = -6*d - 4. Give s(-1).
2
Let h(w) = w + 6. Give h(15).
21
Let w(f) = -f**3 + 14*f**2 + 11*f + 19. Give w(15).
-41
Let k(u) = u**3 - 31*u**2 + 26*u + 91. Give k(30).
-29
Let a(p) = -p**3 - 8*p**2 - 3*p + 1. Determine a(-7).
-27
Let x(j) = 9*j + 6. Calculate x(-8).
-66
Let q(h) = -h**2 + 39*h + 34. What is q(40)?
-6
Let c(u) = -u**3 - 9*u**2 - 3*u - 4. Calculate c(-9).
23
Let k(w) = -6*w**3 - w**2 - 3*w - 2. What is k(-1)?
6
Let w(o) = 12*o - 64. Calculate w(6).
8
Let c(v) = 9*v**2 + 3*v - 1. What is c(-3)?
71
Let a(i) = 12*i**3 + i**2 - i + 1. What is a(1)?
13
Let d(z) = 33*z**2 - 1. Calculate d(-1).
32
Let k(y) = y**3 + 4*y**2 - 5*y - 1. Give k(-4).
19
Let i(k) = -k**2 - 13*k + 53. Determine i(-16).
5
Let d(j) = -j**3 - j**2 + 19*j + 5. Calculate d(4).
1
Let j(z) = 2*z**2 + 20*z - 11. Determine j(-12).
37
Let b(l) = l**3 - 4*l**2 + 4*l + 4. Give b(4).
20
Let k(y) = -y - 24. Give k(-16).
-8
Let o(y) = y + 9. Give o(-9).
0
Let d(n) = 2*n - 9. Give d(-4).
-17
Let v(g) = 2*g**2 - 25*g - 146. What is v(16)?
-34
Let o(f) = -19*f - 467. Calculate o(-25).
8
Let u(r) = -5*r - 11. Determine u(5).
-36
Let y(p) = p**3 + 22*p**2 - 24*p - 10. Calculate y(-23).
13
Let d(i) = 34*i + 403. Determine d(-12).
-5
Let k(w) = -5*w**2 - 2*w + 4. Determine k(3).
-47
Let h(i) = 11*i + 180. Determine h(-15).
15
Let d(r) = r**2 - 3*r - 9. What is d(7)?
19
Let i(w) = 14*w + 6. Calculate i(-2).
-22
Let f(t) = -t**3 + 2*t**2 - 6*t + 7. Give f(3).
-20
Let l(r) = -2*r**3 - 2*r. Give l(-2).
20
Let t(r) = r**3 + 12*r**2 - 3*r - 38. Calculate t(-12).
-2
Let a(f) = -16*f - 3. What is a(-2)?
29
Let t(a) = -2*a**3 - 6*a**2 + 2*a + 9. Give t(-2).
-3
Let g(c) = -11*c - 30. Calculate g(-6).
36
Let d(b) = b + 1. Give d(-1).
0
Let n(y) = -y**3 - 14*y**2 - 14*y - 3. Determine n(-13).
10
Let y(h) = h**3 - 5*h**2 - 10*h + 26. Determine y(6).
2
Let b(v) = 2*v**3 - v**2 - 10*v + 17. Determine b(2).
9
Let g(u) = -388*u + 1169. Determine g(3).
5
Let m(b) = b**2 + 6. Give m(-5).
31
Let z(t) = t**2 - 14*t + 17. Calculate z(11).
-16
Let w(b) = 2*b + 3. Determine w(-6).
-9
Let c(f) = f**3 + 16*f**2 + 21*f + 99. Determine c(-15).
9
Let r(x) = -x**3 + 7*x**2 - 20. Determine r(7).
-20
Let y(b) = -7*b + 2. Give y(-4).
30
Let s(v) = v - 5. Determine s(0).
-5
Let j(b) = 2*b**2 - 21*b + 19. Determine j(9).
-8
Let j(o) = -o**3 - 6*o**2 + 16*o + 3. What is j(-8)?
3
Let c(f) = -f**2 - 74*f - 968. Determine c(-17).
1
Let b(u) = u**2 - 5*u - 19. Give b(6).
-13
Let s(n) = 40*n - 111. Give s(4).
49
Let p(m) = m**2 + m - 6. What is p(5)?
24
Let n(j) = -j**2 + 6*j + 41. Determine n(9).
14
Let w(u) = -12*u + 9. Calculate w(-2).
33
Let d(u) = -18*u**3 + u**2 + u - 1. Determine d(1).
-17
Let z(a) = 33*a**2 - 3*a + 3. Give z(1).
33
Let o(p) = -p**3 + 7*p**2 - 5*p - 14. Determine o(6).
-8
Let b(h) = h**2 - 10*h + 10. Determine b(8).
-6
Let j(k) = -k**3 - 5*k**2 + 17*k + 15. Calculate j(-6).
-51
Let p(x) = -5*x**2 + 2*x - 21. What is p(-6)?
-213
Let u(d) = d - 15. What is u(13)?
-2
Let u(k) = 2*k**2 - 36*k - 37. What is u(19)?
1
Let l(d) = -d**2 - 25*d + 331. Give l(10).
-19
Let w(k) = -4*k - 1. What is w(4)?
-17
Let s(f) = f**3 - 5*f**2 - 13*f - 9. What is s(7)?
-2
Let d(m) = -m**2 + 31*m - 160. Calculate d(24).
8
Let w(q) = q**3 + 8*q**2 + 9*q + 17. What is w(-7)?
3
Let g(j) = j + 1. Give g(-4).
-3
Let a(l) = -6*l - 3. Calculate a(-3).
15
Let m(q) = -q + 18. Determine m(0).
18
Let r(g) = 15*g**3 - g**2 + 2*g - 2. What is r(1)?
14
Let i(u) = u**3 + 4*u**2 + 2*u + 2. Determine i(-4).
-6
Let f(o) = -o**2 + 7*o + 38. Give f(16).
-106
Let c(l) = l**2 - 35*l + 300. Give c(21).
6
Let f(t) = -t + 1. Calculate f(2).
-1
Let p(w) = w**2 - 5*w - 11. What is p(5)?
-11
Let o(z) = -9*z**2 - 5*z + 12. Give o(-2).
-14
Let v(t) = t**3 - 9*t**2 - 2*t + 5. Give v(9).
-13
Let f(c) = -c**2 + 14*c - 39. Give f(13).
-26
Let q(n) = -n**3 - 12*n**2 - 12*n - 9. Give q(-11).
2
Let j(a) = a**3 - 4*a**2 - 2*a + 7. Determine j(3).
-8
Let c(b) = -b**3 - 4*b**2 - 3*b - 1. Give c(-3).
-1
Let w(a) = -a**3 - 9*a**2 - 2*a - 1. Determine w(-9).
17
Let x(i) = i**2 + i - 112. Calculate x(-11).
-2
Let o(g) = -g**3 - 29*g**2 - 30*g - 58. What is o(-28)?
-2
Let i(m) = 46*m**2 + 6*m + 6. Give i(-1).
46
Let b(x) = -x**2 + 13*x + 14. Calculate b(14).
0
Let p(y) = y**3 + 5*y**2 + 1. Calculate p(-3).
19
Let a(o) = -o**2 - 17*o - 35. What is a(-14)?
7
Let h(j) = -j**2 - 9*j + 36. Calculate h(-13).
-16
Let v(j) = j**3 + 10*j**2 - 6. Determine v(-10).
-6
Let d(c) = -28*c + 141. Calculate d(5).
1
Let r(c) = 25*c**2 - 2*c - 1. Determine r(1).
22
Let a(d) = d**3 + 12*d**2 - 14*d - 5. Calculate a(-13).
8
Let i(f) = -f**3 - 6*f**2 + 7*f + 7. What is i(-6)?
-35
Let p(q) = -q**3 + 9*q**2 - 15*q + 5. What is p(7)?
-2
Let w(c) = c**3 - 27*c**2 + 50*c - 2. Give w(25).
-2
Let k(u) = -u - 29. Determine k(-8).
-21
Let s(l) = -l**3 + 8*l**2 + 8*l + 5. Give s(9).
-4
Let m(i) = -2*i**2 + 7*i + 9. What is m(5)?
-6
Let x(o) = -12*o + 114. Calculate x(10).
-6
Let z(m) = 4*m**2 + 2*m + 4. What is z(-5)?
94
Let n(v) = 17*v**2 + 6*v + 3. Calculate n(3).
174
Let r(l) = 24*l**3 - 1. Calculate r(1).
23
Let h(s) = 6*s + 2. Give h(-1).
-4
Let f(p) = -54*p**2 + 3*p + 2. Determine f(-1).
-55
Let t(g) = -g**2 - 10*g - 17. Give t(-6).
7
Let q(g) = -2*g**2 + 8. Determine q(6).
-64
Let f(w) = w**2 - 3*w + 9. Determine f(0).
9
Let c(k) = 7*k - 3. Determine c(-1).
-10
Let f(t) = -t**2 - 6*t + 67. Give f(5).
12
Let x(s) = -4*s - 93. Give x(-20).
-13
Let k(h) = -h**2 + 46*h + 693. What is k(58)?
-3
Let x(c) = 4*c**2 + 8*c + 6. What is x(-4)?
38
Let m(v) = -v - 10. Give m(-6).
-4
Let d(g) = 27*g**2 + 3*g - 2. Determine d(1).
28
Let g(n) = n**2 + 18*n + 74. Calculate g(-13).
9
Let u(n) = n**2 + 11*n + 4. What is u(-13)?
30
Let z(w) = 2*w**3 + 21*w**2 - 21*w - 116. What is z(-11)?
-6
Let x(n) = -2*n + 3. Calculate x(4).
-5
Let a(c) = -5*c**2 - c. What is a(-1)?
-4
Let n(t) = 3*t**2 + 2. Give n(1).
5
Let v(m) = 67*m - 14. Give v(0).
-14
Let l(s) = s**2 - 9*s - 15. What is l(10)?
-5
Let h(d) = -d**3 - 10*d**2 + 9*d + 5. Calculate h(-11).
27
Let v(f) = f**2 - 21*f + 46. Give v(21).
46
Let s(r) = 6*r + 2. Give s(3).
20
Let l(h) = -h**3 + 13*h**2 + 31*h - 18. Calculate l(15).
-3
Let o(f) = -f**3 + 10*f**2 + 11*f - 118. Give o(10).
-8
Let r(o) = -o**3 - 